-3
What is the value of -1 - 7 - (22 + -30)?
0
What is -5 - (-10 - -4) - 5?
-4
What is -4 - 2 - (0 - (14 + -3))?
5
What is -3 - (-4 + -1 + 2)?
0
What is 3 + -4 + 3 + (16 - 7)?
11
Evaluate -3 + (-2 - (6 - 14)).
3
Evaluate 0 + -1 + (-6 - (1 + -8)).
0
Evaluate -2 + 13 + (7 - 16).
2
Evaluate 5 + -4 - (3 + 0).
-2
-1 + -11 + 16 - (-1 - -1)
4
-4 + -4 + 10 + -4
-2
What is (4 + -5 - -3) + 2 + -4?
0
0 - -1 - (-2 + 0 + 0)
3
(6 - 6 - 6) + 3
-3
Calculate 2 + -5 + 3 - (1 - 2).
1
-1 - 4 - (1 + (-8 - -7))
-5
0 - (-1 + 0) - 5
-4
Calculate (-6 - -7) + -5 - 1 - 1.
-6
Calculate -42 + 49 + (-1 - 7).
-1
What is 3 + -2 - (7 - -2 - 6)?
-2
What is 5 - -1 - (8 - (9 + -3))?
4
What is the value of 13 + (-5 - -7) + -7 - 0?
8
4 - (4 + (5 - (5 + -1)))
-1
What is 10 + (0 - 11) + 4?
3
Evaluate 1 - (2 + -3 + (-3 - -3)).
2
What is 7 - (3 + -9 + 7)?
6
2 - -1 - 9 - (-57 - -60)
-9
What is -23 + 24 + 0 + -4?
-3
-4 + 1 + -5 + 3
-5
What is (-10 - (4 - 0)) + (7 - 1)?
-8
-3 + (6 + -9 - (0 + -1))
-5
Evaluate 20 + (9 - 19) + -11.
-1
Evaluate (0 - 1) + (-2 + -5 - -3).
-5
What is the value of (1 - 5) + 192 + -184?
4
Evaluate -5 + 1 - (3 - (2 + 1)).
-4
What is 2 - (8 - 2 - -1)?
-5
2 + -18 + 19 + (-1 - 2)
0
Evaluate -2 + 3 + 0 - (3 + -6).
4
What is 23 + -16 + (-1 - 3)?
3
Evaluate -1 + 7 + (-5 - 1).
0
What is the value of -5 - -3 - (0 - (1 - -4))?
3
Evaluate -2 + -5 - 2 - (-6 - -3).
-6
Evaluate (-4 - -1 - -2 - -2) + 3.
4
What is -6 - (8 + -5 + -5)?
-4
Evaluate -11 - (12 - (-12 - -30)).
-5
(-17 - -18) + (4 - 1)
4
What is the value of -3 + (-7 - 4) + 13?
-1
Evaluate (-51 - -61) + (0 + -2 - -1).
9
What is -2 + 0 + -3 + 10?
5
Calculate 12 + -17 + 14 - (4 + -3).
8
Calculate -1 + (5 - (-5 - -8 - -3)).
-2
Evaluate -13 + 7 - (0 - 4).
-2
Calculate -11 - -7 - (-3 + 3 + -5).
1
What is -4 - -3 - (0 - -2 - 3)?
0
What is -18 + 17 + (-1 - (1 - 0))?
-3
Evaluate -7 + 8 + -3 - -1.
-1
Evaluate (1 - -2 - -3) + -3 - 3.
0
Calculate 2 + (4 - 8) + 2.
0
What is the value of 0 - (0 - (4 + 0))?
4
Calculate 0 + 20 + -6 + -5.
9
What is the value of (2 - (1 - 1)) + -16 + 15?
1
Evaluate -2 + 1 + 5 + 131 + -135.
0
-4 + 0 + (-2 - -2 - 1)
-5
What is 12 + -10 - (3 + (2 - -1))?
-4
Evaluate (6 - -1) + -8 + 5.
4
(13 + -9 - 7) + 6
3
Evaluate -7 + 8 + (3 + -5 - 0).
-1
What is the value of 6 - ((0 - -2) + 3 - 2)?
3
Evaluate -7 + 6 + (-1 - -4) - -3.
5
Calculate -1 - (-2 + 2 + -2 + -1).
2
What is -6 + -6 + 11 + (-7 - 0)?
-8
Evaluate (-6 - -14) + -10 - (0 - -4).
-6
What is (4 + -4 - -8 - 4) + 4?
8
Evaluate 8 + -2 - (-4 + -3 + 21).
-8
What is the value of -5 + (13 - 4) - (0 + -1)?
5
What is -6 + 12 - (11 + -3)?
-2
Calculate -8 - (4 + (-1 - 6)).
-5
Evaluate -2 - (-5 - -3 - -2).
-2
What is (17 - (0 - -6)) + -3?
8
Evaluate -3 + (5 - (3 + (1 - -2))).
-4
(2 + 3 - 2 - 6) + 5
2
Evaluate 0 + -1 + (-113 - -117).
3
What is the value of -3 + 3 + (-1 + 5 - 0)?
4
What is (-18 - -25) + 1 + -2 + -3?
3
-2 + 6 + (-3 - 1 - 5)
-5
(-2 - 0) + (-1 - (-7 - -2))
2
What is 6 + -8 - -5 - (-8 - -7)?
4
Evaluate (2 - -1) + -6 - 3.
-6
What is the value of 4 - (4 + 0 - 5)?
5
Calculate -11 + 20 + (-8 - 2).
-1
Calculate (-2 - (-13 + 8)) + (1 - 4).
0
Calculate 2 + 0 + (4 - 3) + -7.
-4
Calculate -1 - (0 + -7 + 9 + -4).
1
0 + -1 + -1 - (-27 - -26)
-1
What is -4 - (6 + 4 + -12)?
-2
-5 + (23 - 13) + (2 - 1)
6
What is (3 + -3 - 0) + 1?
1
-3 - (3 + -4 - 0)
-2
Evaluate -3 + 10 + -1 + 0.
6
What is the value of (9 - 4) + -11 + 9 + -1?
2
(-9 + 19 - 5) + -1 + -8
-4
What is -4 - (-13 - -18 - 6)?
-3
What is the value of (10 - 3 - (4 - -3)) + 8?
8
Evaluate -5 - (-3 - (-6 - -5)).
-3
What is -2 + 9 + -8 + -2?
-3
What is (2 - -8) + -3 - 3?
4
What is the value of -2 - (-2 - (-5 + 0))?
-5
10 + -3 + 1 - (-2 - -5)
5
What is the value of -8 - ((7 - 1) + -12) - -1?
-1
Calculate (12 - 14) + 6 + 6.
10
4 + -2 + (-6 - -3)
-1
What is 4 + 2 + -9 + 7?
4
Evaluate -24 + 13 - (0 + -7).
-4
What is 6 - 1 - (-44 - -43)?
6
Calculate -4 + 4 + (4 - 0).
4
-4 - (3 + -8 + -1 + -2)
4
What is the value of (0 - -5) + (3 - (1 - -9))?
-2
(-5 - 1) + (-1 - -14) + -7
0
What is the value of -2 + -1 - (10 - 10)?
-3
Evaluate -5 - -2 - (3 + -7).
1
Calculate -1 + 5 + (-9 - -2) + 0.
-3
Evaluate -11 - (15 + -23 + (2 - 1)).
-4
(-8 - (1 + -4)) + 0
-5
Evaluate -4 - (-6 - (3 - 0)).
5
Evaluate 8 - ((-15 - -12) + 11 + 0).
0
Calculate 50 + -38 + 2 + -16.
-2
(-10 + 12 - (1 - -2)) + 4
3
Evaluate (-1 - 1) + (-7 - -6 - -1).
-2
Evaluate 8 + (0 + 3 - (7 + -1)).
5
Evaluate -2 + (2 - (-2 - (-1 + 0))).
1
What is 3 + 1 - -4 - 3?
5
What is -2 - ((-1 - 4) + 2) - -2?
3
What is the value of 3 - (1 + 1 + (-2 - -4))?
-1
6 + 2 - 1 - (116 + -99)
-10
What is the value of -1 + 3 + -204 + 201?
-1
What is the value of (-4 + (2 - -1) - 3) + 4?
0
Calculate (0 - -6) + (-3 + -3 - -2).
2
Evaluate (-4 - (1 - 3)) + 6 + -13.
-9
Evaluate -1 + (1 - -2) - (3 + 0).
-1
What is the value of 2 - (-4 + 15 + -18)?
9
8 + -21 + 7 + 6 - 11
-11
What is 0 + -4 - (5 - 4)?
-5
Calculate 5 + (-6 - (4 - 6)).
1
What is the value of 38 + -38 + 5 + -2?
3
Calculate 1 + -4 - (-4 - 5).
6
Calculate -1 - -2 - -4 - (25 + -20).
0
Evaluate 21 - (3 - (-1 - 8)).
9
(-13 - -25) + -17 - -7
2
Calculate (2 - -2) + -6 + (8 - 2).
4
What is -2 + 1 + 1 + 1 - -1?
2
What is -59 - -47 - (-5 + 1)?
-8
What is the value of 5 - (13 + -6) - -1?
-1
Evaluate (2 - 5) + (5 - 0).
2
What is the value of 5 + (0 - 3) - (2 + -3)?
3
What is (-2 - -4) + -4 + -5 + 5?
-2
Evaluate (-9 - -4) + 6 + -4 - 0.
-3
What is the value of -1 + -3 + (4 - -1)?
1
What is the value of 4 - (11 + -6 - 5)?
4
Evaluate -4 - (2 - (4 - -1)).
-1
Calculate 6 + (-21 - -10) + 6.
1
Evaluate -2 - -5 - (-6 + 10 - 3).
2
What is the value of -2 + 1 - (1 - 5)?
3
What is the value of 0 - -2 - (1 + -4)?
5
What is the value of (-25 - -16) + -3 + -3 + 15?
0
What is the value of (7 - (0 + 5) - 0) + 1?
3
What is the value of (-5 - ((-3 - -7) + -7)) + -3?
-5
What is the value of -5 - (-9 + 0) - (5 + -2)?
1
What is 4 + (-2 - -3) - (0 - -1)?
4
-14 + (6 - -1) + 10 + 1
4
What is the value of (3 - -3 - 2) + 1 - 2?
3
Evaluate -1 + 2 + (-1 - 0).
0
(5 - 8) + -3 + 1
-5
(-4 - -1) + 0 + 0 + 2
-1
Calculate 3 + (-4 - 3) - -3.
-1
What is -1 + (-3 - (-5 - -5)) - -6?
2
(-3 - 6) + 9 + -3
-3
What is 2 + (-4 - -5) + -5?
-2
What is the value of 9 - 9 - (3 + -6) - -4?
7
Evaluate 0 - -4 - 0 - 15.
-11
Calculate 4 - (1 - (0 - 4)) - 2.
-3
Calculate 9 + -7 + -4 + 0 + 1.
-1
What is -1 - (13 + -7) - -4 - 3?
-6
-1 - 5 - (24 + -34)
4
Evaluate -7 - (1 - 19) - 8.
3
What is the value of (-3 - (-6 + 1)) + -6?
-4
What is the value of -3 + (26 - 10 - 11)?
2
Evaluate 3 + (10 - 4) + -5 + -7.
-3
What is -1 - 0 - (-10 + 7)?
2
What is the value of 1 - (-5 + (2 - 1))?
5
What is (1 - (-8 - -5)) + 1?
5
Calculate (-5 - -8) + 3 - 2.
4
What is 7 + -3 + (7 - 3) + -4?
4
What is (-8 - -1) + -4 + 13?
2
What is the value of -5 + -1 - (0 + -2 + -12)?
8
What is the value of -3 + -1 + 0 + (1 - -3)?
0
Evaluate (8 + -12 - (-8 + -1)) + -9.
-4
What is -23 + 9 + -1 - -8 - -10?
3
68 + -70 - (1 + -5)
2
Calculate -4 + 2 + 2 + -2.
-2
What is -2 + 0 + 5 + 1?
4
What is (2 + -1 - 0 - 4) + -4?
-7
Calculate 2 - 2 - -2 - (-5 - -8).
-1
What is the value of 5 - (9 - (-3 - -7))?
0
What is -3 - -8 - -1 - 2?
4
Calculate (8 - (0 + 2 + 2)) + -1.
3
What is the value of 19 - 16 - (-1 - -6 - 2)?
0
Evaluate 1 + -2 + (2 + -4 - -5).
2
What is 9 + -8 - -8 - 6?
3
What is -4 - (0 + -9 + (-5 - -10))?
0
What is the value of 1 + -1 - -2 - (5 - -2)?
-5
What is (-4 - (-3 - 1)) + 0 + 0?
0
What is the value of -3 - ((-10 - 1) + 5 + -2)?
5
What is 10 + -5 + -12 + 15?
8
Calculate 3 + -3 - (-1 + 6).
-5
What is the value of -2 + -7 - (-2 + -2)?
-5
What is the value of (1 - (-2 - -6)) + 1?
-2
-34 - -37 - (-2 + 4)
1
What is the value of (-2 - -10) + -1 + -17?
-10
5 - 8 - 8 - (-7 - 0)
-4
What is the value of -7 + 16 + (6 - (2 + 8))?
5
What is (2 + -2 - 3) + 0 + 0?
-3
What is 3 + 2 + -8 + 10?
7
What is 0 - (4 - (-2 - 0))?
-6
What is -1 + 0 + (-6 + 1 - -3)?
-3
Evaluate 8 - (1 - (-11 + 7)).
3
Calculate -9 - 1 - (-29 + 22).
-3
Calculate -4 - (3 + -4) - 0.
-3
Calculate 2 + -5 + -2 + (-9 - -12).
-2
Evaluate (-3 - -1) + 14 + -10 - -3.
5
24 - 27 - (2 + -7)
2
Calculate 5 - ((8 - 13) + 10).
0
What is 20 - 15 - (-1 + 0)?
6
-8 - (-4 - 1) - 3
-6
Calculate -2 - (5 + -4 + 2) - -1.
-4
What is the value of 0 + -5 - (-4 - (2 - -2))?
3
Evaluate (-1 - (3 - 2)) + (-6 - -7).
-